, 11
Let d(s) = -s**2 + 150*s - 1. Let y be d(6). Let l = -121 + y. What are the prime factors of l?
2, 7, 53
Let w be ((-28)/(-7) - (-25)/1) + -2. List the prime factors of (411/(-28) + w/63)*-8.
2, 3, 19
List the prime factors of 11 - 52/(-13) - -33661.
2, 8419
Suppose 0 = 2*i - 2, 3*c = -2*i + 5*i - 60. Let p = c + 24. Suppose 3*n = 5*n - p*z - 140, 5*n - 4*z - 316 = 0. List the prime factors of n.
2, 3, 5
Suppose -8*c + 5*x = -6*c - 16, -3*x = 6. Suppose 2*r + 380 = -0*i + c*i, -373 = -3*i - 5*r. What are the prime factors of i?
2, 3, 7
Let c be (7/(-21))/((-1)/(-3)). Let q be (c + (-51)/(-6))/((-3)/8). What are the prime factors of (9/12)/(6/q)*-50?
5
Let b(s) = s**2 - 13*s - 1. Let p be b(-10). Let r = 25 + p. What are the prime factors of r?
2, 127
Suppose -j = j + 4*c + 66, 0 = -c + 1. Let f = j - 22. Let z = f - -111. What are the prime factors of z?
2, 3
Let w = 225 + -125. Let g = -316 + 512. Suppose -2*l = -w - g. What are the prime factors of l?
2, 37
Suppose -125*x - 74280 = -549405. List the prime factors of x.
3, 7, 181
Let b(c) = c**2 + 9*c + 33. Let k be b(16). Let m = k + -312. List the prime factors of m.
11
Let y be -3*(167/(-3))/1. Suppose 4*q = -3*v + 1452, 2*q + 3*v + y = 887. List the prime factors of q.
2, 3, 61
Suppose 10*y = -17*y + 452304. Suppose -7*n = 9*n - y. List the prime factors of n.
3, 349
Suppose 0 = -17*u + 13*u. Suppose -16*a + 22*a + 450 = u. List the prime factors of (15/(-3) + a)/(-2).
2, 5
Let g be (168/(-7))/(3/(-2)). Suppose g*o - 21*o = -2935. List the prime factors of o.
587
Suppose 3*m - 12 = q, 2*q + 0*m - m = -4. Let c be 20*(q + -2 + 48/(-20)). Let t = 139 + c. List the prime factors of t.
3, 17
Suppose 24*w + 55*w - 1545845 = 1149082. List the prime factors of w.
3, 83, 137
What are the prime factors of (-5)/(-15)*-48 - -4449?
11, 13, 31
Let y be ((-8)/(-1))/(-4)*4252/(-8). Suppose -11*g + 1236 + y = 0. List the prime factors of g.
11, 19
Let q(o) = -3*o**2 - 24*o - 25. Let c be q(-6). Let i(x) = 70*x - 26. List the prime factors of i(c).
2, 3, 31
Let k be -6 + 160 + 1 + -2. List the prime factors of 2/17 + 6102/k.
2, 5
Let y be (4 - (-10)/(-4))/((-1)/(-2)). Suppose -2*a = 5*x - 25, 37 = 2*x - 4*a + y. Suppose -x*t + 825 = -2*t. List the prime factors of t.
3, 5, 11
Let c be 4/12 + (-2)/6. Let i = 262 - -38. Suppose c = -0*h - 6*h + i. List the prime factors of h.
2, 5
Let a = 14752 + -7081. List the prime factors of a.
3, 2557
Let l be (-1 - 26/4)*(-14)/21. Suppose -l*s = 28 - 8. Let m(z) = -37*z - 17. What are the prime factors of m(s)?
131
Let h = -548 - -947. Let p = h + -230. List the prime factors of p.
13
Let i be (-4)/(-10) - (11 + (-546)/35). Suppose -1116 - 252 = -3*h + 3*y, i*y = 4*h - 1819. What are the prime factors of h?
461
Let v(f) = 491*f + 14. Let o be v(4). Let r = -1211 + o. Suppose 0 = -5*c + 138 + r. List the prime factors of c.
181
Suppose -25 = 5*l, 3*k + 4*l + 50 = 3*l. What are the prime factors of 538 + k/5 + 6?
541
Let b be -38*51*3/(-18). Let h = 22 - 17. List the prime factors of (-5 - -1)*(b/(-4) + h).
3, 101
Let z be 148/(-111) + 4036/3. Suppose -n - 727 = -2*x, 5*x - z = -3*n + 446. What are the prime factors of x?
19
Let a be (6/10)/((-6)/(-30)). Suppose -4*w + 4 = 0, 5*o + a*w - 1353 = -0*o. What are the prime factors of o?
2, 3, 5
Let v = 5028 - -11536. List the prime factors of v.
2, 41, 101
Let p be 1778/(-56) - 3/12. What are the prime factors of ((-1935)/12)/(12/p)?
2, 5, 43
What are the prime factors of 1*-2 - (13591193/(-770) - (-1)/(-10))?
3, 37, 53
Suppose 2*c - 105294 + 25000 = -i, -4*i + 3*c + 321077 = 0. List the prime factors of i.
2, 7, 47, 61
Let q(b) = 58*b**2 - 12*b + 2. Let x be (-16 - -15)*(0 - 3). What are the prime factors of q(x)?
2, 61
Suppose 29*v - 220512 + 93526 - 275592 = 0. List the prime factors of v.
2, 11, 631
Suppose m - 22169 = -3*s, 2*m + 1036 - 37983 = -5*s. What are the prime factors of s?
19, 389
Let m = 64 - 67. Let y = m - -121. List the prime factors of y.
2, 59
Suppose 54*p - 46*p = 49320. List the prime factors of p.
3, 5, 137
Suppose i + 5*m + 153 = 0, -10*i - 4*m = -14*i - 564. Let y(w) = -80*w**3 - w**2 + 1. Let r be y(1). Let u = r - i. What are the prime factors of u?
3, 7
Let h = 13094 + -1085. What are the prime factors of h?
3, 4003
Let s be (-12)/(-4 - 8) + 2 + 0. Suppose s*u = 4*w - 118 + 1293, 5*w = -25. List the prime factors of u.
5, 7, 11
Let p be (-128)/(-10) - 5/(-25). Suppose 3*q - 5*t = 5 - 2, -q - 3*t = p. What are the prime factors of (72/q)/(4/(-6))?
3
Let q = 310 - 306. Suppose -5*r - 201 = -m, 0 = -q*m - m - 2*r + 870. List the prime factors of m.
2, 11
Suppose 3*z - 6*z + 3053 = 2*l, -2*z = 5*l - 2028. Let x = -356 + z. What are the prime factors of x?
3, 13, 17
Let x be -1*(-3)/(-9)*(-30)/(-2). Let h(g) = -2*g**3 - 5*g**2 - 7*g - 11. What are the prime factors of h(x)?
149
Let c(w) = -3*w**2 + 7*w + 9. Let g be c(3). Let r be (-4)/14 + (-4752)/(-21). Suppose 4*q + q + r = g*n, -q + 168 = 2*n. What are the prime factors of n?
2, 41
Let k(g) = g**2 + g. Let w(v) = -11*v**2 + 18*v. Let p(h) = 3*k(h) - w(h). List the prime factors of p(-3).
3, 19
Let v = 1 - -3. Suppose 5*s = -4*z + v + 9, z + 18 = 3*s. Suppose s*m + m - 198 = 0. List the prime factors of m.
3, 11
What are the prime factors of ((-74190)/7)/(-2*(-17)/(-119))?
3, 5, 2473
Let x(a) = 7 - 9 + 2*a**2 - 14*a - 5. Let t = 0 - -12. List the prime factors of x(t).
113
Let a(f) = -f**2 - 20*f + 8. Suppose 2*c = -626 + 594. List the prime factors of a(c).
2, 3
Let t = 164 + -115. Let h = t + -35. Suppose 0 = 13*o - h*o + 65. List the prime factors of o.
5, 13
Suppose -799 + 3613 = 21*n. Suppose -2*m + 3*q + 1434 = 0, -5*q + 851 - n = m. List the prime factors of m.
3, 239
Let g = 2057 + 943. List the prime factors of g.
2, 3, 5
List the prime factors of (2535/(-135) - -7)*-747.
2, 53, 83
Let b be ((-3)/(-4))/(-2 - 9/(-4)). Suppose b*q = q + 12. What are the prime factors of (-1)/q*1 + (-8408)/(-48)?
5, 7
Let m be 60 + -1 + 20/4. Suppose -66 = -r + m. Suppose 3*w - 458 = -2*v, -2*w - 5*v + r + 157 = 0. What are the prime factors of w?
2, 3, 13
Suppose 21*b - 50 = 19*b. Suppose b*x - 24*x = 1073. What are the prime factors of x?
29, 37
Let q be (-5927)/22*2 + (-6)/33. Let m = q - -872. What are the prime factors of m?
3, 37
Suppose -3*u - 23 = -3*p + p, 0 = p - 2*u - 11. Suppose -8 + p = w. Let o = 23 + w. What are the prime factors of o?
2, 7
Suppose 138*x - 3485139 = -63*x. List the prime factors of x.
7, 2477
Let j(o) = o**3 + 35*o**2 - 145*o - 28. List the prime factors of j(-21).
7, 13, 101
Let c be (-4)/6 - 336/(-126). Let q(x) = 39*x - 7. Let k be q(-5). List the prime factors of k/(1*(3 + -3 - c)).
101
Let r = 213 + -25. Suppose -r - 78 = -d. Suppose 8*f = -4*s + 3*f + 217, -5*s - f = -d. List the prime factors of s.
53
Let f(z) be the third derivative of -z**6/120 + z**5/20 + z**4/24 + 2*z**3/3 + 8*z**2 + 1. Let g be 4 + (-2 - (1 + -2)). What are the prime factors of f(g)?
7
Let z be 1/(-4) - 69/(-4). Let o be (-15)/2310*-14 + (-12758)/(-22). Suppose -z*s + o = -12*s. List the prime factors of s.
2, 29
Let v = 2 - -4. Let o be 2797/4 - v/24. Suppose o = -7*f + 10*f. What are the prime factors of f?
233
Suppose 184*k = 79*k + 81*k + 134400. What are the prime factors of k?
2, 5, 7
Let l(v) = -16*v + 57. Let k be l(-11). Suppose -5*t = 4*d + 601, 2*t = -3*t - d - 589. Let p = k + t. What are the prime factors of p?
2, 29
Let g = 89623 - 44259. What are the prime factors of g?
2, 11, 1031
Suppose -2*q + 4*a + 9866 = 0, -112*q = -113*q - 6*a + 4917. What are the prime factors of q?
3, 31, 53
Suppose -2*q = 2*h - 340, 99*h - 102*h = -q + 162. Let m be (-1 - -2)/(2/(-42)). List the prime factors of (-12 + 1)/(m/q).
2, 11
Let y = -4344 + 8017. List the prime factors of y.
3673
Let s be 1/((-1)/(-2)) + 1. Suppose s*y - 163 = 374. List the prime factors of y.
179
Suppose 0 = 2*v - 5*l + 247, -l - 4*l = v + 86. Let s = -162 + 159. What are the prime factors of v/12*(-13 + s)?
2, 37
Suppose -1936 + 12161 = -25*f. Let c = f + 1284. List the prime factors of c.
5, 7
Suppose w - 2 = 0, -3*w - 6 + 20 = 4*k. Suppose 9*b + k*q = 4*b + 2180, 436 = b + 3*q. Suppose 0 = -6*s + 188 + b. What are the prime factors of s?
2, 13
Let q = 1637 - -407. Li